{"id":224046,"date":"2023-08-14T00:00:21","date_gmt":"2023-08-14T00:00:21","guid":{"rendered":"http:\/\/raffinamoblamientos.com.ar\/page\/?post_type=product&#038;p=224046"},"modified":"2023-08-20T03:12:38","modified_gmt":"2023-08-20T03:12:38","slug":"conjunto-jardin-de-infantes","status":"publish","type":"product","link":"https:\/\/raffinamoblamientos.com.ar\/page\/product\/conjunto-jardin-de-infantes\/","title":{"rendered":"Conjunto Jardin de Infantes"},"content":{"rendered":"<hr \/>\n<p>Conjunto de jard\u00edn de infantes compuesto por 1 mesa y 6 sillas de jard\u00edn.<br \/>\nEstructuras met\u00e1licas con acabado con pintura en polvo termo convertible, y maderas terminadas con laminado pl\u00e1stico en varios colores sobre su superficie.<\/p>\n<h6><strong><u>ESPECIFICACIONES DE LA MESA<\/u><\/strong><\/h6>\n<p>Alto: 55cm<br \/>\nAncho: 120cm<br \/>\nProfundidad: 80cm<br \/>\nCa\u00f1o: 1 1\/2&#8243; (38.1mm)<\/p>\n<h6><strong><u>ESPECIFICACIONES DE LA SILLA<\/u><\/strong><\/h6>\n<p>Alto: 63cm<br \/>\nAncho: 34cm<br \/>\nProfundidad: 39cm<br \/>\nAltura Asiento: 31cm<br \/>\nCa\u00f1o: 7\/8&#8243; (22.2mm)<\/p>\n<h6><strong><u>COLORES DE CA\u00d1O<\/u><\/strong><\/h6>\n<p><img loading=\"lazy\" decoding=\"async\" class=\"alignnone wp-image-223967 size-medium\" src=\"http:\/\/raffinamoblamientos.com.ar\/page\/wp-content\/uploads\/2021\/07\/canoInfantil-2-300x83.png\" alt=\"\" width=\"300\" height=\"83\" srcset=\"https:\/\/raffinamoblamientos.com.ar\/page\/wp-content\/uploads\/2021\/07\/canoInfantil-2-300x83.png 300w, https:\/\/raffinamoblamientos.com.ar\/page\/wp-content\/uploads\/2021\/07\/canoInfantil-2.png 400w\" sizes=\"(max-width: 300px) 100vw, 300px\" \/><\/p>\n<h6><strong><u>COLORES DE MADERA<\/u><\/strong><\/h6>\n<p><img loading=\"lazy\" decoding=\"async\" class=\"alignnone wp-image-223968 size-medium\" src=\"http:\/\/raffinamoblamientos.com.ar\/page\/wp-content\/uploads\/2021\/07\/laminadoInfantil-300x66.png\" alt=\"\" width=\"300\" height=\"66\" \/><\/p>\n<hr \/>\n<h4><\/h4>\n","protected":false},"excerpt":{"rendered":"<p>Conjunto de jard\u00edn de infantes compuesto por 1 mesa y 6 sillas de jard\u00edn. Estructuras met\u00e1licas con acabado con pintura en polvo termo convertible, y maderas terminadas con laminado pl\u00e1stico en varios colores sobre su superficie. ESPECIFICACIONES DE LA MESA Alto: 55cm Ancho: 120cm Profundidad: 80cm Ca\u00f1o: 1 1\/2&#8243; (38.1mm) ESPECIFICACIONES DE LA SILLA Alto: [&hellip;]<\/p>\n","protected":false},"featured_media":224078,"comment_status":"open","ping_status":"closed","template":"","meta":{"_et_pb_use_builder":"","_et_pb_old_content":"","_et_gb_content_width":""},"product_brand":[],"product_cat":[22],"product_tag":[],"class_list":{"0":"post-224046","1":"product","2":"type-product","3":"status-publish","4":"has-post-thumbnail","6":"product_cat-linea-escolar","8":"first","9":"instock","10":"shipping-taxable","11":"product-type-simple"},"_links":{"self":[{"href":"https:\/\/raffinamoblamientos.com.ar\/page\/wp-json\/wp\/v2\/product\/224046","targetHints":{"allow":["GET"]}}],"collection":[{"href":"https:\/\/raffinamoblamientos.com.ar\/page\/wp-json\/wp\/v2\/product"}],"about":[{"href":"https:\/\/raffinamoblamientos.com.ar\/page\/wp-json\/wp\/v2\/types\/product"}],"replies":[{"embeddable":true,"href":"https:\/\/raffinamoblamientos.com.ar\/page\/wp-json\/wp\/v2\/comments?post=224046"}],"wp:featuredmedia":[{"embeddable":true,"href":"https:\/\/raffinamoblamientos.com.ar\/page\/wp-json\/wp\/v2\/media\/224078"}],"wp:attachment":[{"href":"https:\/\/raffinamoblamientos.com.ar\/page\/wp-json\/wp\/v2\/media?parent=224046"}],"wp:term":[{"taxonomy":"product_brand","embeddable":true,"href":"https:\/\/raffinamoblamientos.com.ar\/page\/wp-json\/wp\/v2\/product_brand?post=224046"},{"taxonomy":"product_cat","embeddable":true,"href":"https:\/\/raffinamoblamientos.com.ar\/page\/wp-json\/wp\/v2\/product_cat?post=224046"},{"taxonomy":"product_tag","embeddable":true,"href":"https:\/\/raffinamoblamientos.com.ar\/page\/wp-json\/wp\/v2\/product_tag?post=224046"}],"curies":[{"name":"wp","href":"https:\/\/api.w.org\/{rel}","templated":true}]}}