{"id":224009,"date":"2021-07-23T22:45:31","date_gmt":"2021-07-23T22:45:31","guid":{"rendered":"http:\/\/raffinamoblamientos.com.ar\/page\/?post_type=product&#038;p=224009"},"modified":"2021-12-13T10:08:27","modified_gmt":"2021-12-13T10:08:27","slug":"silla-venus","status":"publish","type":"product","link":"https:\/\/raffinamoblamientos.com.ar\/page\/product\/silla-venus\/","title":{"rendered":"Silla Venus"},"content":{"rendered":"<hr \/>\n<p>Silla Venus. Producto sumamente reforzado debido a como esta desarrollado su chasis.<\/p>\n<p>Construida en ca\u00f1o 1 1\/2\u2033 (38.1mm) de di\u00e1metro con acabado en pintura en polvo termo convertible. Asiento tapizado en eco cuero con goma espuma de alta densidad. Respaldar dise\u00f1ado en ca\u00f1o rectangular 10&#215;20.<\/p>\n<h6><strong><u>ESPECIFICACIONES<\/u><\/strong><\/h6>\n<p>Alto:<br \/>\nAncho:<br \/>\nProfundidad:<br \/>\nAltura Asiento:<\/p>\n<h6><strong><u>COLORES DE CA\u00d1O<\/u><\/strong><\/h6>\n<p><img loading=\"lazy\" decoding=\"async\" class=\"alignnone wp-image-223974 size-medium\" src=\"http:\/\/raffinamoblamientos.com.ar\/page\/wp-content\/uploads\/2021\/07\/canoHogarPintura-300x83.png\" alt=\"\" width=\"300\" height=\"83\" \/><\/p>\n<h6><strong><u>COLORES DE TAPIZADO<\/u><\/strong><\/h6>\n<p>&nbsp;<\/p>\n<hr \/>\n<h4><\/h4>\n","protected":false},"excerpt":{"rendered":"<p>Silla Venus. Producto sumamente reforzado debido a como esta desarrollado su chasis. Construida en ca\u00f1o 1 1\/2\u2033 (38.1mm) de di\u00e1metro con acabado en pintura en polvo termo convertible. Asiento tapizado en eco cuero con goma espuma de alta densidad. Respaldar dise\u00f1ado en ca\u00f1o rectangular 10&#215;20. ESPECIFICACIONES Alto: Ancho: Profundidad: Altura Asiento: COLORES DE CA\u00d1O COLORES [&hellip;]<\/p>\n","protected":false},"featured_media":224011,"comment_status":"open","ping_status":"closed","template":"","meta":{"_et_pb_use_builder":"","_et_pb_old_content":"","_et_gb_content_width":""},"product_brand":[],"product_cat":[23],"product_tag":[],"class_list":{"0":"post-224009","1":"product","2":"type-product","3":"status-publish","4":"has-post-thumbnail","6":"product_cat-linea-hogar","8":"first","9":"instock","10":"shipping-taxable","11":"product-type-simple"},"_links":{"self":[{"href":"https:\/\/raffinamoblamientos.com.ar\/page\/wp-json\/wp\/v2\/product\/224009","targetHints":{"allow":["GET"]}}],"collection":[{"href":"https:\/\/raffinamoblamientos.com.ar\/page\/wp-json\/wp\/v2\/product"}],"about":[{"href":"https:\/\/raffinamoblamientos.com.ar\/page\/wp-json\/wp\/v2\/types\/product"}],"replies":[{"embeddable":true,"href":"https:\/\/raffinamoblamientos.com.ar\/page\/wp-json\/wp\/v2\/comments?post=224009"}],"wp:featuredmedia":[{"embeddable":true,"href":"https:\/\/raffinamoblamientos.com.ar\/page\/wp-json\/wp\/v2\/media\/224011"}],"wp:attachment":[{"href":"https:\/\/raffinamoblamientos.com.ar\/page\/wp-json\/wp\/v2\/media?parent=224009"}],"wp:term":[{"taxonomy":"product_brand","embeddable":true,"href":"https:\/\/raffinamoblamientos.com.ar\/page\/wp-json\/wp\/v2\/product_brand?post=224009"},{"taxonomy":"product_cat","embeddable":true,"href":"https:\/\/raffinamoblamientos.com.ar\/page\/wp-json\/wp\/v2\/product_cat?post=224009"},{"taxonomy":"product_tag","embeddable":true,"href":"https:\/\/raffinamoblamientos.com.ar\/page\/wp-json\/wp\/v2\/product_tag?post=224009"}],"curies":[{"name":"wp","href":"https:\/\/api.w.org\/{rel}","templated":true}]}}